3473
Convert 114225 (base 6) to base 7.
41141
What is 9a0 (base 14) in base 10?
1904
Convert -7252 (base 10) to base 16.
-1c54
What is -2276 (base 11) in base 16?
-bab
What is 7277 (base 10) in base 9?
10875
Convert -2421404 (base 5) to base 14.
-126a9
-21001 (base 5) to base 12
-968
What is -a43 (base 11) in base 2?
-10011101001
What is -304 (base 16) in base 2?
-1100000100
Convert 7202 (base 8) to base 7.
13554
What is -bb (base 16) in base 9?
-227
Convert -23e (base 16) to base 2.
-1000111110
What is 457 (base 11) in base 6?
2310
What is 143340 (base 5) in base 13?
2a0b
851c (base 15) to base 10
28152
Convert -1252 (base 9) to base 5.
-12223
What is -47 (base 16) in base 10?
-71
Convert -bc7 (base 14) to base 9.
-3170
659 (base 13) to base 11
8aa
Convert -121111 (base 4) to base 15.
-731
6011 (base 8) to base 5
44311
-784 (base 15) to base 5
-23244
What is -d3d (base 16) in base 2?
-110100111101
What is -4a3 (base 11) in base 3?
-211010
-1424 (base 5) to base 13
-155
-10131 (base 5) to base 16
-29a
51350 (base 9) to base 7
200415
What is -83a6 (base 15) in base 2?
-110110010110111
Convert -a347 (base 12) to base 14.
-6691
What is -a31 (base 11) in base 12?
-878
What is -119a (base 16) in base 12?
-2736
Convert -471 (base 9) to base 8.
-604
313242 (base 5) to base 13
49a8
10112033 (base 4) to base 10
17807
Convert -1016 (base 11) to base 13.
-7c9
Convert 10223 (base 5) to base 12.
494
What is -231 (base 16) in base 14?
-2c1
What is 4a9 (base 11) in base 7?
1521
Convert 3222 (base 10) to base 9.
4370
104440 (base 7) to base 3
221020121
1012 (base 16) to base 9
5571
What is 540 (base 7) in base 16?
111
6217 (base 10) to base 9
8467
Convert -230104 (base 5) to base 15.
-2639
Convert -12 (base 6) to base 2.
-1000
What is 473 (base 14) in base 4?
31311
What is 3a20 (base 11) in base 4?
1101221
723 (base 13) to base 11
a02
Convert 7c4 (base 14) to base 10.
1544
-603 (base 8) to base 2
-110000011
Convert 13233 (base 5) to base 14.
564
Convert 101100111 (base 2) to base 14.
1b9
Convert 13012 (base 4) to base 3.
121211
What is -3624 (base 10) in base 9?
-4866
Convert -41 (base 5) to base 16.
-15
Convert -491b (base 15) to base 4.
-3302333
What is 358 (base 12) in base 6?
2152
-110110000011 (base 2) to base 4
-312003
4651 (base 7) to base 6
11514
Convert -231312 (base 4) to base 14.
-10d8
Convert -110403 (base 6) to base 5.
-243334
13365 (base 9) to base 6
105522
What is 332115 (base 7) in base 12?
29943
What is 20121021 (base 3) in base 14?
1a7b
Convert -1516 (base 13) to base 9.
-4171
Convert 2429 (base 15) to base 10.
7689
What is 1030 (base 10) in base 13?
613
What is 4a26 (base 12) in base 15?
273c
What is 9765 (base 12) in base 2?
100000011111101
Convert 23343 (base 7) to base 13.
2973
Convert 42543 (base 9) to base 13.
ca71
2244 (base 6) to base 8
1024
Convert -14141 (base 5) to base 4.
-102103
-110000110010000 (base 2) to base 6
-311344
221023 (base 4) to base 12
1637
Convert -111101010000 (base 2) to base 11.
-2a44
What is 3010 (base 8) in base 6?
11052
Convert 667 (base 9) to base 16.
223
2420001 (base 5) to base 16
afc9
Convert 4442 (base 5) to base 6.
2514
Convert 164 (base 10) to base 5.
1124
What is 535223 (base 6) in base 16?
ab9f
1438 (base 11) to base 13
aca
7c (base 16) to base 15
84
-40b (base 14) to base 16
-31b
What is 152a (base 11) in base 7?
5511
21020102 (base 3) to base 11
3a67
What is -11145 (base 6) in base 7?
-4412
-10110021 (base 3) to base 16
-9d6
What is -204 (base 5) in base 4?
-312
Convert -200120 (base 3) to base 2.
-111110101
-2184 (base 10) to base 12
-1320
5a12 (base 14) to base 3
210112100
-1620 (base 7) to base 9
-803
c2 (base 13) to base 9
185
What is 11450 (base 7) in base 14?
1127
What is 4759 (base 10) in base 13?
2221
-10010101101 (base 2) to base 12
-839
What is 102010010 (base 3) in base 11?
60a7
Convert 24b (base 13) to base 7.
1112
-65342 (base 8) to base 3
-1101112102
-1033004 (base 5) to base 6
-214435
Convert bb4a (base 14) to base 2.
111111010010110
Convert -ac (base 13) to base 10.
-142
-113 (base 10) to base 14
-81
What is 2784 (base 10) in base 15?
c59
Convert 2770 (base 10) to base 13.
1351
-266 (base 12) to base 4
-11232
-10000111111 (base 2) to base 3
-1111021
Convert -10111100 (base 2) to base 9.
-228
Convert 3332 (base 7) to base 16.
4af
What is -840a (base 12) in base 6?
-150414
Convert -12860 (base 9) to base 3.
-102222000
Convert 287 (base 10) to base 11.
241
Convert 1254 (base 11) to base 13.
987
-12957 (base 10) to base 12
-75b9
-10311 (base 5) to base 11
-592
Convert 130110 (base 6) to base 5.
333311
Convert -1da (base 14) to base 7.
-1063
-538 (base 10) to base 12
-38a
What is 6390 (base 10) in base 3?
22202200
5701 (base 15) to base 7
104536
2dc (base 14) to base 8
1112
Convert -30071 (base 9) to base 11.
-13922
Convert 10100111 (base 3) to base 5.
34233
Convert 1312441 (base 6) to base 2.
10001100011001001
12309 (base 13) to base 6
414543
Convert 2965 (base 10) to base 13.
1471
Convert 2136 (base 7) to base 15.
35c
Convert 20210022 (base 3) to base 13.
2339
Convert 30050 (base 7) to base 3.
100221002
Convert 121332 (base 4) to base 10.
1662
Convert 100201120 (base 3) to base 8.
15661
899 (base 11) to base 7
3065
Convert -872 (base 12) to base 15.
-578
-331 (base 10) to base 9
-407
-5048 (base 9) to base 3
-12001122
Convert -212203 (base 4) to base 12.
-1517
Convert 472 (base 9) to base 16.
185
Convert -3624 (base 9) to base 15.
-bea
Convert -11377 (base 12) to base 15.
-6c27
What is 1010111011 (base 2) in base 7?
2016
Convert 2116 (base 9) to base 10.
1554
Convert 152243 (base 7) to base 13.
10640
What is 11617 (base 8) in base 7?
20412
What is -2211032 (base 4) in base 14?
-3bd4
Convert -1927 (base 11) to base 3.
-10100201
What is 21275 (base 8) in base 9?
13171
What is -5a04 (base 16) in base 7?
-124120
What is -734 (base 9) in base 7?
-1513
-23333 (base 4) to base 10
-767
226 (base 7) to base 16
76
635 (base 16) to base 11
1215
Convert 6270 (base 8) to base 16.
cb8
What is -1896 (base 13) in base 10?
-3672
Convert 115 (base 13) to base 15.
c7
-16776 (base 11) to base 8
-56005
-430 (base 8) to base 2
-100011000
Convert 1131 (base 16) to base 12.
2669
What is 110100 (base 2) in base 4?
310
-20000102 (base 3) to base 7
-15533
3119 (base 12) to base 10
5349
Convert 300124 (base 5) to base 14.
3606
What is -2113 (base 5) in base 6?
-1151
What is 37261 (base 8) in base 2?
11111010110001
What is 110000000 (base 2) in base 16?
180
What is 24d (base 14) in base 8?
715
Convert -8668 (base 13) to base 3.
-221121201
Convert -2eb0 (base 15) to base 7.
-41226
What is -80b (base 14) in base 9?
-2144
Convert 10011111000100 (base 2) to base 13.
4831
What is -15808 (base 11) in base 3?
-1010112220
What is 640 (base 8) in base 15?
1cb
What is 32222 (base 4) in base 8?
1652
-6313 (base 10) to base 15
-1d0d
Convert 44570 (base 8) to base 3.
221210121
14340 (base 5) to base 4
103010
Convert -15982 (base 14) to base 11.
-37644
What is 101001001110011 (base 2) in base 5?
1133412
What is -20241 (base 5) in base 10?
-1321
What is -1147 (base 8) in base 6?
-2503
1019 (base 14) to base 15
c47
Convert 453c (base 13) to base 3.
111021200
Convert 10777 (base 8) to base 11.
3509
What is 10322 (base 4) in base 5?
2224
a652 (base 15) to base 8
104551
What is 1010102 (base 4) in base 5?
114440
What is -ab (base 12) in base 3?
-11212
348 (base 11) to base 16
19f
220011 (base 3) to base 12
464
-114153 (base 6) to base 3
-111201120
What is 2732 (base 8) in base 3?
2001111
547 (base 16) to base 15
601
Convert -440 (base 14) to base 13.
-4c8
What is -294 (base 14) in base 4?
-20022
Convert 4ca (base 14) to base 8.
1702
What is -11010000001 (base 2) in base 8?
-3201
Convert 1111011010 (base 2) to base 3.
1100112
Convert 2054 (base 7) to base 6.
3205
What is -10100010011110 (base 2) in base 12?
-6026
8f2 (base 16) to base 12
13aa
Convert -6711 (base 10) to base 13.
-3093
Convert -204 (base 13) to base 8.
-526
-209 (base 14) to base 10
-401
dcaa (base 14) to base 6
452422
Convert 36b (base 15) to base 5.
11101
12343 (base 5) to base 16
3cd
Convert 1305 (base 9) to base 16.
3d1
What is 200312 (base 5) in base 15?
1d22
1750 (base 11) to base 13
102a
-332 (base 10) to base 8
-514
398 (base 11) to base 2
111010110
What i